-6)/(-4) - r)*6. Suppose -82 + 30 = -4*u + g*n, -3*n = 12. Is u prime?
False
Let d = -6 + 125. Is d composite?
True
Let h = 118 - 67. Let t be (1 - -1)*(-21)/3. Let y = h + t. Is y prime?
True
Let b(t) = -2*t + t**2 - 2 + 4 + 3*t + t**3. Let f be b(0). Is -2 + (f/(-2) - -52) composite?
True
Let l(w) = 6*w**2 - 9*w + 8. Let b be l(8). Suppose -5*q - 32 + 428 = -y, b = 4*q - 4*y. Is q composite?
False
Suppose 5*d - 3*r + 7*r = 7543, 0 = 5*d - r - 7533. Is d prime?
False
Let h(j) be the second derivative of 21*j**5/20 - j**4/3 + j**3/6 + j**2/2 - j. Is h(4) a prime number?
False
Let r = 32 + 338. Suppose 62 = -4*s + r. Is s prime?
False
Suppose 3*r - 649 = -x, 182 = 3*x + r - 1781. Is x a prime number?
False
Suppose 4*d - 7 = -3*c, -2*d + 2 + 9 = 3*c. Suppose c*p - w - 722 = 0, -3*w + 283 = 3*p - 161. Is p a prime number?
False
Let u = 578 - 261. Is u prime?
True
Let u(s) = 80*s + 3 + 4*s - 2 + 0. Let i(c) = 84*c + 1. Let y(p) = -3*i(p) + 2*u(p). Is y(-3) composite?
False
Let x(m) be the third derivative of m**5/15 + m**4/8 - 4*m**3/3 + 5*m**2. Is x(-6) a prime number?
False
Let j = 212 - -60. Let d = j + -15. Is d prime?
True
Let r = 2729 + -1738. Is r prime?
True
Let w be ((0 - -1)*0)/1. Let h be (w/(-2 - -1))/(-1). Suppose 0 = -4*r + 8, n + 4*r - 42 = -h*r. Is n a prime number?
False
Suppose -4*j + 645 = j. Suppose 0*v = d - 5*v - 117, 0 = -d - v + j. Is d a prime number?
True
Suppose 2*l + 5*m + 13 = 0, l - 3*m = -4*l + 45. Is (-4)/1*(-123)/l prime?
False
Let o(f) = f**3 - 4*f**2 + 11*f - 13. Is o(7) prime?
True
Suppose 6*t + 2*h + 1 = 3*t, h - 4 = -3*t. Suppose 2*d = 5*u - 25, 4*u - t*u + 4*d = -17. Is (-62)/u*6/(-4) prime?
True
Suppose -4*y + 3 = -433. Is y a composite number?
False
Let g(o) = 56*o**2 - 2*o - 1. Is g(4) a prime number?
True
Suppose 2*h = -2*h + 2740. Is h composite?
True
Let q be 2/2 - (-322 + -2). Let k(s) = -162*s**3 + s**2 - 2*s + 1. Let f be k(1). Let i = f + q. Is i prime?
True
Let x(g) = 60*g + 2. Let a be x(3). Suppose -2*n + a = 16. Is n prime?
True
Let v(f) = 8*f**2 - 5*f + 1. Let o(i) = 7*i**2 - 4*i. Let k(a) = 4*o(a) - 3*v(a). Is k(-4) a composite number?
True
Let r be (-3)/12 + 387/(-4). Is -3*(r/3 - 3) a composite number?
True
Is -1*45/6*226/(-3) a composite number?
True
Let i be -1 + (-3 - (-21)/3). Let b be 9 + (-6)/i - 3. Suppose b*n - r - 163 = -17, -35 = -n + r. Is n a composite number?
False
Let s be ((-2)/2)/(5/(-25)). Let v = 8 - s. Is v composite?
False
Suppose 32 - 12 = 5*a. Let f be (6/a)/((-2)/(-4)). Suppose -f*w - 18 + 117 = 0. Is w a prime number?
False
Let o(m) = m + 15. Suppose p + 3 = 5*v - 2*p, -2*p = 2*v + 2. Is o(v) composite?
True
Suppose -4*x - 2 = 22. Let k(h) = 7 + 4*h**2 + h + 4*h**2 - 10*h**2 + 3*h**2. Is k(x) prime?
True
Let d be ((-3)/4)/((-5)/20). Let t(q) = -q**2 - 1. Let w be t(d). Is w/4*-22 - 0 a prime number?
False
Suppose 4*r - 63 = 5*y, -5*r + 5*y + 28 = -47. Let l = r + -2. Is l prime?
False
Let c = -6 + 7. Is (-1 - 0)*c + 60 a composite number?
False
Let r(v) = -v**2 - 8*v - 8. Let m be r(-7). Is -4*m/(-2) - -16 composite?
True
Let d(f) = -f**2 - 7*f - 2. Let p be d(-6). Suppose 5 = 3*h + p*t - 1, -4*t = -12. Is 5/10 - 505/h prime?
False
Let q(w) = 15*w - 5. Let f be q(6). Suppose -351 = -4*i + f. Is i composite?
False
Let x(q) = -69*q - 3. Let b be x(-4). Suppose 0 = 5*z - b - 152. Is z a prime number?
False
Is (-457)/((-9)/3 + 2) composite?
False
Let c(f) = 2*f**2 + 5*f - 1. Let o = -8 + 4. Is c(o) a prime number?
True
Let k(a) = -102*a + 2. Is k(-2) a prime number?
False
Let q(n) = -10*n - 1. Let s be q(-3). Suppose 0 = 4*a - 15 - 25. Let w = s - a. Is w a prime number?
True
Let s(n) = -34*n - 19. Is s(-8) a composite number?
True
Suppose 0 = -0*z - z + 5. Let o(a) = -7*a + 6. Let n be o(z). Let c = -14 - n. Is c a composite number?
True
Suppose 0 = 5*f + 20, -2*x - 63 = -3*x - 4*f. Is x a prime number?
True
Suppose -2*l + 8 = 0, -r - 2 = -5*l + 15. Let k be (r - 4/2)*0. Is 2 - (-41 + -3 + k) a prime number?
False
Let i = -263 + 390. Is i a prime number?
True
Suppose 0 = z - 3*z + 10, 5*z = -4*s + 373. Is s a prime number?
False
Suppose 5*d + 5*p = d + 575, 2*d - 4*p - 294 = 0. Is d a composite number?
True
Suppose 0*o - 2*j = -2*o + 4, 2*o + 3*j = -6. Suppose o*u - 332 = -4*u. Suppose c - u = -0*c. Is c a prime number?
True
Suppose 2*m - 3544 = -0*m. Suppose 5*u = 9*u - m. Is u a composite number?
False
Suppose -5*p + 7 = 8*y - 5*y, 3*p + 23 = 5*y. Suppose 0 = 5*d - 0*d - 15. Suppose -y*b + 149 = -d*b. Is b composite?
False
Let x(b) = -b**2. Let p be x(-2). Let q = -6 - p. Is ((-57)/(-6))/((-1)/q) composite?
False
Let l = -1269 - -4864. Is l prime?
False
Suppose 2*o - 4*t = 1558, 4*o - 2*t + 521 = 3667. Is o a composite number?
True
Suppose -5*d - v + 2105 = 0, -3*d + 2*d + 412 = 2*v. Is d composite?
True
Suppose -9*g = -12*g + 366. Is g composite?
True
Let c = 7505 + -3256. Is c a prime number?
False
Let f(w) = 2*w**3 + 5*w**2 - 2*w. Let g(n) = -n**3 - 2*n**2 + n. Let v(s) = 2*f(s) + 5*g(s). Let q be v(-2). Suppose -q*o + 55 = -o. Is o prime?
True
Suppose 10096 = 6*c - 3902. Is c prime?
True
Let j(k) = -5*k - 3. Suppose 2*x - 2 + 6 = 0. Is j(x) a prime number?
True
Suppose 20 + 8 = 2*x - 3*a, -5*x + 4*a = -56. Let y = x + -3. Suppose y*r = 4*k - k - 89, k - 35 = 3*r. Is k a composite number?
False
Suppose -3*w + 0*w - 15 = 0. Let d = 13 - w. Suppose o - 5 = -3, 0 = 4*u + 5*o - d. Is u a composite number?
False
Let j(v) = -44*v - 1. Is j(-6) prime?
True
Suppose -8*c = -10*c + 538. Is c prime?
True
Let w be (-2)/2 + 12/(-4). Is (1346/w)/((-7)/14) composite?
False
Let u = 7 + -5. Is u/6 - 338/(-3) composite?
False
Suppose 0 = 7*i - 2*i - 10. Suppose 5*v - i*v = 12. Let y(t) = 2*t**2 + 3. Is y(v) a prime number?
False
Suppose -8*t + 26139 = 5507. Is t a composite number?
False
Let o = 14 - 11. Suppose 144 + 87 = o*f. Is f prime?
False
Let c(p) = 50*p - 63. Is c(19) composite?
False
Let u be 12 + (9*-1)/(-3). Is ((-185)/u)/((-1)/3) a prime number?
True
Let t = 2 - -1. Suppose -f = -5*c - 62, -t*c - 206 = -3*f - 8*c. Is f composite?
False
Let w(d) = -d + 10. Let v be w(7). Suppose 0 = o - 3*m - 35, -o + v*o - 4*m = 64. Is o composite?
True
Let a(w) = 2*w**3 - 29*w**2 + 8*w + 37. Is a(20) composite?
False
Let z(h) = -4*h - 3 + 35*h - 6*h. Is z(4) a composite number?
False
Suppose 0 = -3*h - 7 - 5, -4*b - 2*h = 152. Is (-2)/3*26298/b a prime number?
True
Let n be (-14)/77 - (-1029)/33. Suppose 4*u = 5*l - 1263, -l + n = -u - 222. Is l prime?
True
Suppose -m - 4*t + 2 = 0, -6*m - 3*t = -m - 61. Is 4/m + (-6612)/(-84) prime?
True
Suppose -2*r + 8 = 2*r. Suppose -4*y = j + 6, 1 = -r*y + 4*j - 11. Is 24 - -3*y/(-3) prime?
False
Let z = 5 + -1. Let t = -232 - -342. Suppose 0 = -3*p - 0*f + 5*f + 65, z*p - t = -5*f. Is p a prime number?
False
Is 45/(-30)*(-404)/3 a composite number?
True
Let k be 2/(4/(-54)) - 1. Let q(s) = -2*s**2 + s + 2. Let h be q(4). Is 3/(-1 + k/h) prime?
False
Let m = 815 + -310. Is m composite?
True
Let z = -1175 - -2030. Suppose z + 60 = 5*p + 4*n, 366 = 2*p - n. Is p prime?
False
Suppose q + 320 = 3*q + 3*z, 5*z - 10 = 0. Is q prime?
True
Let t(h) = -4*h**3 - h**2 + 2*h - 4. Is t(-3) composite?
False
Suppose -18 = 4*i + 3*r, -4*i - 20 = -2*i - 4*r. Let f be 0*3/i + -2. Is f/(-1) + (33 - -2) prime?
True
Let f = 54 - 18. Suppose -20 = 5*d - 5*v, -5*v = d - 32 + 6. Let z = d + f. Is z a prime number?
True
Suppose -9*s - 157 = -10*s. Is s a composite number?
False
Suppose -2*x = 3*x + 3*o + 35, -x = -4*o - 16. Is 2 + x - -3 - -52 a composite number?
False
Let z be 0 + 1/(-2)*0. Suppose z = -2*x + p + 531, 11 = -4*p - 9. Is x prime?
True
Let o be -5 + 9 - (-2 - -1). Let v = o - 3. Suppose 4*z - v*z + 2*i - 18 = 0, 3*z = i + 31. Is z prime?
False
Suppose y = 1 + 21. Let f(q) = 2*q**2 + 5*q - 7. Let o be f(-6). Let i = o - y. Is i a prime number?
True
Let f(g) = -g**3 - 4*g**2 + 3*g - 6. Let s be f(-5). Let r(i) = 12*i - 5. Let t be r(s). Suppose 4*b - t = 105. Is b a composite number?
False
Suppose -204 = -2*n + 38. Suppose -3*h = -f + 215, h - 2*f - 218 = 4*h. Let y = h + n. Is y composite?
True
Let p be 2/5 + 43/5. Let f(c) = 4*c + 8. Let u be f(p). Let x = u + -22. Is x a composite number?
True
Suppose -3*o + 11*b - 9*b + 5965 = 0, 0 = -4*o + 5*b + 7965.